tors of y.
2, 31
Let g = 8 + -6. Suppose s + i - 12 = -3*i, 3*s = -g*i + 16. Suppose -3 = s*l - 15. What are the prime factors of l?
3
Let i = -18 + 54. List the prime factors of i.
2, 3
Suppose 0 = 3*t - 3*u - 274 - 11, u + 195 = 2*t. List the prime factors of t.
2, 5
Suppose -4*l - s - 11 = -51, -5*s = 0. List the prime factors of l - -1 - (-7 - -6).
2, 3
Let z = -12 + 20. Suppose -3*h - 5*l = -20, -3*h + 2*l = -h - z. What are the prime factors of h?
5
Let p = 11 + 1. Let k = 31 - p. What are the prime factors of k?
19
Let q(t) = t**2 - 3*t + 4. Suppose -4*h + 0*h = -20. List the prime factors of q(h).
2, 7
Let g = 151 - 97. Suppose g = 5*a + 14. List the prime factors of a.
2
Let h = -9 + 13. Suppose -35 = -5*q - 4*m, -h*q - 2*m = -2*q - 16. List the prime factors of q.
3
Let w be (-2 - (-3)/1) + 0. Suppose 0 = d - w - 19. Suppose 3*p + 5*j = d, 3*p - 2*p - 3 = 2*j. List the prime factors of p.
5
Suppose 65*m - 69*m + 536 = 0. What are the prime factors of m?
2, 67
Suppose -3*f - 3*f = -960. List the prime factors of f.
2, 5
Suppose -4*u + 8 = d, 2*u = -d - 0*u + 4. Let y(x) = -2*x - 2 + 7 + 3*x. List the prime factors of y(d).
5
Suppose 0 = 4*h - o + 5, 2*o = -3*h + 4*o - 10. Suppose 2*u - 3*n = -h*u - 29, -5*n + 65 = -5*u. Let v = -1 - u. List the prime factors of v.
3
Suppose -4*h - 2*u + 472 = 0, 0*h - 5*u = h - 109. What are the prime factors of h?
7, 17
Suppose -24 = -x + 3*s, 96 = 5*x - 4*s - 13. Let p = x - 18. List the prime factors of p.
3
Let x = 108 + -72. List the prime factors of x.
2, 3
Let u(d) be the second derivative of -1/3*d**3 - 9/2*d**2 + 0 + 2*d. What are the prime factors of u(-6)?
3
Let l = -10 - -25. What are the prime factors of l?
3, 5
Let h(i) = 2*i + 1. Let s(v) = -v - 2. Let y be s(-11). List the prime factors of h(y).
19
Suppose -15 = -3*g - 0. Suppose -2*h = -g - 3. Suppose h*d - 26 = -2. List the prime factors of d.
2, 3
Suppose -k + 3 = 1. Suppose k*j = 3*d + 19, -3*d = j - 2 + 6. List the prime factors of j.
5
Let q = 92 - 28. List the prime factors of q.
2
Suppose 4*y - 443 = -k, 2*y + 3*k - 192 = 17. List the prime factors of y.
2, 7
Suppose -3*r + 13 = -14. What are the prime factors of 6 - r - (0 - 16)?
13
Suppose 2*k = -2*k. Let u(h) = -h + 9. Let o be u(k). Suppose o = 3*t - 0. List the prime factors of t.
3
Suppose -4*x - 2*s = -100, -4*x - s + 106 = -2*s. Suppose -3*w = y - 1 - 11, 0 = 3*y - w - x. List the prime factors of y.
3
Let a(t) = 9*t**3 - t**2 + 1. List the prime factors of a(2).
3, 23
Let s be 1 + -2 + 2 + 0. Suppose m - 3 = -s. Let h(r) = 5*r**2 - 1. List the prime factors of h(m).
19
Let r(y) = 81*y - 6. List the prime factors of r(2).
2, 3, 13
Suppose 0 = 3*r - 0*r - 9. Suppose r*s - 46 = -5*q, 3*q = -0*q - 2*s + 28. List the prime factors of q.
2
Let m be (0 + (-3)/(-6))*8. Suppose 2*g - 16 = 2*f, m*g + 3*f + 14 = 67. What are the prime factors of g?
11
Suppose -3*p = w - 6*w - 44, -p = w - 20. Let d = p + -10. List the prime factors of d.
2
Let p(w) = w**3 + 10*w**2 - 12*w - 3. Suppose -4*o - 52 = -6*a + 4*a, 0 = 4*o - 3*a + 56. Let d be p(o). Suppose 4*v - 56 = d. List the prime factors of v.
2
Suppose -80 - 31 = -h. What are the prime factors of h?
3, 37
List the prime factors of (-8)/(-48) - (-209)/6.
5, 7
Let n(x) = x**2 + 7*x + 3. Let v be n(-5). Let u = v + 10. What are the prime factors of u?
3
Suppose -5*x = -351 + 106. What are the prime factors of x?
7
Suppose 0 = 3*u - 4*j - 145, -3*j - 144 = -0*u - 3*u. List the prime factors of u.
47
Suppose y = -4*v - 21, 0 = -v - 2*v + y - 21. Let u = v + 10. List the prime factors of u.
2
Suppose 0 = 4*a - 5*g - 560, -a + 130 = 2*g + 3. Suppose h + 4*h = -a. What are the prime factors of 220/18 - (-6)/h?
2, 3
Let v = -18 + 11. List the prime factors of (-12)/42 + (-156)/v.
2, 11
Let s be -20*3/2*-2. Suppose 5*f = 2*c - 515, -4*c + 130 = -2*f - s. List the prime factors of 4/(-6) - f/9.
11
Let m(c) be the second derivative of c**4/12 - c**3 - 3*c**2/2 + 2*c. What are the prime factors of m(8)?
13
Suppose -2*p + 20 = 2*p. Let u = -3 + p. Suppose 3*j + u = -2*o - j, 15 = -3*j. List the prime factors of o.
3
Let n = 24 - 0. What are the prime factors of n?
2, 3
Let u be 4 + (-6)/(-3) + -3. Suppose -2*f = 4*a - 36, -u - 3 = -f + 2*a. Let o = 30 - f. List the prime factors of o.
2, 3
Suppose g + g + 4 = 0. List the prime factors of g/(-1 + (-21)/(-24)).
2
Let g be 0*(-3)/(-6) - -3. Suppose 7*q - g*q = -2*p + 20, -50 = -5*p - 3*q. List the prime factors of p.
2, 5
Suppose 0 = -11*g + 7*g + 3*u + 27, 4*g + 5*u - 51 = 0. What are the prime factors of g?
3
What are the prime factors of (290/4 - (-9)/(-6)) + 2?
73
Suppose 61*b - 120 = 60*b. What are the prime factors of b?
2, 3, 5
Suppose -q - w = -1 - 3, 3*q + w = 16. List the prime factors of 2/q + (-85)/(-15).
2, 3
Suppose x = -x. Suppose x = -2*s - s + 15. Let m = 2 + s. What are the prime factors of m?
7
Let j(p) = 16*p**2 - p + 2. What are the prime factors of j(1)?
17
Let o be 3*2/(-10)*-5. Suppose 0 = 5*n + 3*h - 58, 3*n - n - 8 = -5*h. Suppose -5*v + 23 = 3*b, 5*b - 3 - n = -o*v. List the prime factors of v.
2
Let s(f) = 2*f + f**3 + 2 + f**2 - 9*f - 7*f**2 + 4. List the prime factors of s(7).
2, 3
Suppose -m = -b + 131, 4*m + 10 = 6*m. What are the prime factors of b?
2, 17
Let z(a) = a**2 - 7*a + 2. Let r be z(7). Suppose -17 = -r*k + 9. List the prime factors of k.
13
Let a(m) = -13*m + 19. Let i(z) = 3*z - 5. Let p(r) = -2*a(r) - 9*i(r). List the prime factors of p(-6).
13
Let c(x) = x**2 - 3*x + 3. Let s be c(-3). List the prime factors of 6/s - 477/(-21).
23
Suppose 5*m = 5*v - 870, -v + m = -2*m - 168. What are the prime factors of v?
3, 59
Let g(n) = n**3 + 3*n**3 + 8*n**2 + 6 + 10*n - 13 - 5*n**3. Let v be g(9). Suppose -35 = -3*k - v*k. List the prime factors of k.
7
Suppose 15 = y + 4*y. Let q be 10/(-8)*(2 - -2). List the prime factors of (q + 2)*(2 - y).
3
List the prime factors of 13/((-18)/10 + 2/1).
5, 13
Let a = 78 - 24. List the prime factors of a.
2, 3
Suppose 2*u - 396 = -5*p - 0*u, 3*p - 5*u = 250. List the prime factors of p.
2, 5
Let x(w) be the second derivative of -w**4/12 + w**2/2 - w. Let f be x(1). Suppose 3*m - c - 32 = f, 4*c - 34 = -4*m + 30. What are the prime factors of m?
2, 3
Let j = -145 - -81. Let k = j - -124. Suppose -4*o = -5*w + o + k, 3*w - 37 = 4*o. What are the prime factors of w?
11
Let r(i) = -i**3 - 6*i**2 - 4*i + 7. Let s be r(-5). Let k be (s/3)/((-10)/(-45)). Suppose k = y - 0*y. What are the prime factors of y?
3
Let f(m) = -2*m - 4. Let r be f(-10). Let g = -6 + r. What are the prime factors of g?
2, 5
List the prime factors of (-8)/(32/3)*-12.
3
Suppose 24 = -5*f + 9. Let h be 4/(-2)*f/2. Suppose 0 = 4*q - 2*c - 18, -13 = -h*q - 2*c - 3. What are the prime factors of q?
2
Let f(p) = -2*p + 1. Let s be f(-2). Suppose 8 = 2*m + 2*o, 0*m - 4*m - 29 = -s*o. List the prime factors of 12 + -2 + 1 - m.
2, 3
Let l(v) = 67*v - 11. What are the prime factors of l(2)?
3, 41
Let g(u) = -u + 32. List the prime factors of g(-15).
47
Let o be (-4 + 1)*-1*1. Let f be (-10 - 5)/((-1)/o). Suppose 0 = 5*b + 3*u - f, 0 = 4*b - 3*u - 2*u + 1. What are the prime factors of b?
2, 3
Suppose 0 = -3*p + 4*u + 3, -p = 4*p + 2*u - 31. Suppose -g + 2*g = p. List the prime factors of g.
5
Suppose -3*b = -8*b + 5. Let t(s) = 5*s**3 + 3*s**3 + s**2 + 0*s**3. What are the prime factors of t(b)?
3
Let i(g) = -g**3 - g**2 + g + 1. Let s be i(-2). Suppose s*z + 3*x = 24, -4*x - 40 = -3*z - 2*z. Let h = z + 2. List the prime factors of h.
2, 5
Suppose 2*y = 5*y - 60. Suppose 3*q - q = 3*g - 53, -5*q - y = 0. Suppose h + 3*l - g = 0, 6 = 2*h - l + 4. What are the prime factors of h?
3
Suppose 0 = -0*v - 4*v + 128. Suppose -3*z - v = -7*z. What are the prime factors of z?
2
Let j(k) = 2*k**2 + k + 1. Let z = -32 - -6. Let r be 55/(-65) + 4/z. List the prime factors of j(r).
2
Let q = 5 - 4. Suppose -5*a = q - 26. Suppose -a*h + 60 = -0*h. List the prime factors of h.
2, 3
Let q(g) = -3*g - 1 - 3*g - 10 + g**2. Let r be q(9). Suppose -r = o - 5*o. What are the prime factors of o?
2
Let u be (-1)/4 - 162/(-72). Suppose 2*k = 6*k, 0 = -u*r + 5*k + 112. What are the prime factors of r?
2, 7
Suppose 0 = 5*q - 4 - 16. Let y(i) = 2*i - 6. Let x be y(q). Suppose -x*d - 24 